{"id":7027,"date":"2021-04-21T12:34:03","date_gmt":"2021-04-21T12:34:03","guid":{"rendered":"http:\/\/tibra-pacific.com\/tibranew\/?page_id=7027"},"modified":"2021-12-10T07:46:52","modified_gmt":"2021-12-10T07:46:52","slug":"misija","status":"publish","type":"page","link":"https:\/\/tibra-pacific.com\/tibranew\/misija\/","title":{"rendered":"Misija i Vizija"},"content":{"rendered":"<p>[vc_row][vc_column][vc_empty_space height=&#8221;64px&#8221;][\/vc_column][\/vc_row][vc_row css=&#8221;.vc_custom_1485757244346{margin-bottom: 90px !important;}&#8221;][vc_column][vc_custom_heading text=&#8221;Misija&#8221; font_container=&#8221;tag:h3|text_align:left&#8221; use_theme_fonts=&#8221;yes&#8221; css=&#8221;.vc_custom_1619008608292{margin-bottom: 29px !important;}&#8221;][vc_column_text]Na\u0161a vizija je uvijek prvi i uvijek sa Vama. Biti vode\u0107i investitor, projektant, proizvod\u017ea\u010d, izvod\u017ea\u010d grad\u017eevinskih radova, davalac usluga prepoznatljiv po doma\u0107inskom visokoprofesionalnom i dru\u0161tveno odgovornom poslovanju.<\/p>\n<p>Duboko svjesni da je ispunjavanje ambiciozno postavljenih ciljeva mogu\u0107e samo ako nastavimo \u010duvati dostignuti prepoznatljivi imid\u017e i ime, nastavimo njegovati i unaprijed\u017eivati saradnju sa na\u0161im cijenjenim kupcima, poslovnim partnerima, korisnicima na\u0161ih usluga i institucijama.[\/vc_column_text][\/vc_column][\/vc_row][vc_row css=&#8221;.vc_custom_1485757244346{margin-bottom: 90px !important;}&#8221;][vc_column][vc_custom_heading text=&#8221;Vizija&#8221; font_container=&#8221;tag:h3|text_align:left&#8221; use_theme_fonts=&#8221;yes&#8221; css=&#8221;.vc_custom_1619008675284{margin-bottom: 29px !important;}&#8221;][vc_column_text]Tradicija, unaprjed\u017eenje, kvaliteta, kontinuiran razvoj i novo zapo\u0161ljavanje. Nastaviti doma\u0107inski, odgovorno i predano stvarati nove vrijednosti i graditi bolju i prosperitetniju budu\u0107nost za nas i generacije koje dolaze.[\/vc_column_text][\/vc_column][\/vc_row]<\/p>\n","protected":false},"excerpt":{"rendered":"<p>[vc_row][vc_column][vc_empty_space height=&#8221;64px&#8221;][\/vc_column][\/vc_row][vc_row css=&#8221;.vc_custom_1485757244346{margin-bottom: 90px !important;}&#8221;][vc_column][vc_custom_heading text=&#8221;Misija&#8221; font_container=&#8221;tag:h3|text_align:left&#8221; use_theme_fonts=&#8221;yes&#8221; css=&#8221;.vc_custom_1619008608292{margin-bottom: 29px !important;}&#8221;][vc_column_text]Na\u0161a vizija je uvijek prvi i uvijek sa Vama. Biti vode\u0107i investitor, projektant, proizvod\u017ea\u010d, izvod\u017ea\u010d grad\u017eevinskih radova, davalac usluga prepoznatljiv po doma\u0107inskom visokoprofesionalnom i dru\u0161tveno odgovornom poslovanju. Duboko svjesni da je ispunjavanje ambiciozno postavljenih ciljeva mogu\u0107e samo ako nastavimo \u010duvati dostignuti prepoznatljivi imid\u017e i ime,<\/p>\n","protected":false},"author":1,"featured_media":0,"parent":0,"menu_order":0,"comment_status":"closed","ping_status":"closed","template":"","meta":{"footnotes":""},"class_list":["post-7027","page","type-page","status-publish","hentry"],"_links":{"self":[{"href":"https:\/\/tibra-pacific.com\/tibranew\/wp-json\/wp\/v2\/pages\/7027","targetHints":{"allow":["GET"]}}],"collection":[{"href":"https:\/\/tibra-pacific.com\/tibranew\/wp-json\/wp\/v2\/pages"}],"about":[{"href":"https:\/\/tibra-pacific.com\/tibranew\/wp-json\/wp\/v2\/types\/page"}],"author":[{"embeddable":true,"href":"https:\/\/tibra-pacific.com\/tibranew\/wp-json\/wp\/v2\/users\/1"}],"replies":[{"embeddable":true,"href":"https:\/\/tibra-pacific.com\/tibranew\/wp-json\/wp\/v2\/comments?post=7027"}],"version-history":[{"count":1,"href":"https:\/\/tibra-pacific.com\/tibranew\/wp-json\/wp\/v2\/pages\/7027\/revisions"}],"predecessor-version":[{"id":8154,"href":"https:\/\/tibra-pacific.com\/tibranew\/wp-json\/wp\/v2\/pages\/7027\/revisions\/8154"}],"wp:attachment":[{"href":"https:\/\/tibra-pacific.com\/tibranew\/wp-json\/wp\/v2\/media?parent=7027"}],"curies":[{"name":"wp","href":"https:\/\/api.w.org\/{rel}","templated":true}]}}